hen h is divided by 56.
54
Let y = 15548 - 15418. Calculate the remainder when 682 is divided by y.
32
Let p be (-8)/6*(-1 + -2). What is the remainder when (-94)/p*(-1 - 1) is divided by (-78)/(-4) + -1 + ((-1044)/24)/(-29)?
7
Suppose -2*h - 3*h = s - 1910, -2*s = -10. Calculate the remainder when h is divided by 30.
21
Suppose 3*q - 2*d - 104 = 0, 3*q - 45 = -2*d + 79. What is the remainder when 24/(12/(-3)) - -192 is divided by q?
34
Let o(f) = -4*f**3 - 9*f. Let l be o(-3). Calculate the remainder when 92 is divided by (-1 - 2 - 0)/(l/(-855)).
16
Calculate the remainder when ((-16)/(-12))/(78/14859) is divided by 64.
62
Let w = 13644 - 13495. What is the remainder when 8788 is divided by w?
146
Let o(c) = -c**2 + c - 4. Let y(h) = h - 4. Let v(u) = -2*o(u) + 3*y(u). What is the remainder when ((-3077)/(-25) - -1) + 4/(-50) is divided by v(4)?
28
Let w(b) = 2*b**2 + 4*b + 4. Let z(p) = 16*p**3 + p**2 + 9*p - 8. What is the remainder when w(-8) is divided by z(1)?
10
Let w be (4 - 18/5) + (-667)/5. Let i = 151 + w. What is the remainder when 33 is divided by i?
15
What is the remainder when ((-3)/(-6))/((-71)/(-2461854)) is divided by 102?
99
Let k = 275 - 272. Suppose 2*c + k*b = 153, -5*c + 256 + 169 = -b. Calculate the remainder when c is divided by 17.
16
Suppose -z - 101 = -107. Let j = -46 + 51. What is the remainder when z is divided by j?
1
Let f = 176 - 91. Suppose 5*q + 0*q = f. Calculate the remainder when 48 is divided by q.
14
Let u(f) = 2*f**2 + 6*f - 6. Let l(d) = -d**2 + d + 6. Let z be l(-3). Let b be u(z). What is the remainder when 89 is divided by 6/(-15) - (-42)/b - -14?
14
Let y = -126 + 134. Suppose 3*u = -y*u + 330. Calculate the remainder when 57 is divided by u.
27
Let z(g) = 3*g**2 - 3*g + 2. Suppose 2*w - 12*w + 20 = 0. Suppose w*k - 8 = 0, -q + 3*k - 9 = -0*q. What is the remainder when 39 is divided by z(q)?
19
Suppose -r + 1285 = -45*m + 42*m, 3*r - 3831 = 5*m. Calculate the remainder when r is divided by 218.
177
Let o(b) = 2*b**3 + 16*b**2 + 30*b + 48. What is the remainder when 869 is divided by o(-6)?
5
Let u(s) = 30 + 27 - 2*s - 40. Let q be u(5). Suppose -3*v - 260 = -q*v. Calculate the remainder when v is divided by 17.
14
Suppose 0 = -30*z + 39*z - 342. Suppose -1206 + 104 = -z*i. Calculate the remainder when 171 is divided by i.
26
Let b(l) = -l**3 - 28*l**2 + 1479*l - 109. What is the remainder when b(-55) is divided by 112?
109
Suppose -35*b = -24135 + 14008 - 26098. Calculate the remainder when b is divided by 14.
13
Suppose 7*l = 101 + 550. Let i(p) = 92 - 151 + l - 2*p. Calculate the remainder when 19 is divided by i(15).
3
Let w(s) = 10*s - 19. Let q be w(2). What is the remainder when (q/2)/((-3)/(-618)) is divided by 22?
15
Let r = -215 + 234. Suppose -98 = r*x - 1352. Calculate the remainder when x is divided by 25.
16
Suppose -80*j + 3425 = -264*j + 41881. Calculate the remainder when j is divided by (-63)/(-4) - (-27)/(-36).
14
Suppose 5*m - 39 = -14. Let w(l) = -14*l**2. Let k be w(2). Let h = 103 + k. Calculate the remainder when h is divided by m.
2
Suppose 21*d + 253 - 1152 = -10*d. Let s(u) = -u**2 - 7*u + 7. Let o(w) = -w. Let a be o(5). Calculate the remainder when d is divided by s(a).
12
Let i = -39 + 44. Suppose 0 = -5*t + 5*q + 45, 0 = 2*t - 3*t + i*q + 1. Calculate the remainder when (-1)/((-224)/(-76) - 3) is divided by t.
8
Suppose 36*y + 13799 = -4*y + 36159. Calculate the remainder when y is divided by 169.
52
Calculate the remainder when 5425356/1469 + (-3)/13 is divided by 12.
9
Calculate the remainder when (-25)/(-1 - 8/(-12)) is divided by 5/2*(-1 + 9).
15
Let r(w) = -w**3 + 79*w**2 - 144*w - 199. What is the remainder when r(77) is divided by 24?
19
Suppose 4*v = t + 1885, -2*v - 1400 = -5*v - 2*t. Suppose -v = -4*f - f. Let c = 47 - -1. What is the remainder when f is divided by c?
46
Let d = 3662 + -3445. Calculate the remainder when d is divided by 217.
0
Suppose 4*o = -5*j + 26 + 74, -5*o = -4*j - 166. Calculate the remainder when 2922 is divided by o.
12
Suppose 7*v = d - 54, 5*d - 2*v = 7*d - 92. What is the remainder when 736 is divided by d?
31
Suppose 0 = 381*s + 179479 - 839371. Calculate the remainder when s is divided by 102.
100
Suppose -16*l + 162 = -496 - 1134. Calculate the remainder when 194 is divided by l.
82
Let z be (-7 + 35/2)*122/3. Suppose 4*u - 5*n = z, -3*n + 148 + 152 = 3*u. Calculate the remainder when u is divided by 36.
31
Let q(p) = -139 + 25 + 11*p - 11. Calculate the remainder when q(12) is divided by 2.
1
Let r(y) = 5*y. Let n be r(1). Suppose 0*b + n*b = 2*p + 2, 0 = -2*b + p. Let l = 29 - b. Calculate the remainder when l is divided by 10.
7
Suppose -480 = 7*j + j. Let p = -14 + -7. Let a = p - j. Calculate the remainder when a is divided by 10.
9
What is the remainder when 975 is divided by 34 + -6 + (8 - (-8)/(-2) - 2)?
15
Suppose 0 = -b + 36 + 8. Let a be ((-4)/8 + 1)*256. Suppose -g + 2*g = -l + 130, l = g - a. Calculate the remainder when g is divided by b.
41
Suppose 0 = -287*n + 320*n - 14322. What is the remainder when n is divided by 146?
142
Let g(x) = -7*x**3 - 3*x**2 - 7*x - 4. Let r be g(-1). Let h(j) = 46*j. Calculate the remainder when h(r) is divided by 6.
4
Suppose -c - 58 = -q, 32*c = 3*q + 31*c - 166. Suppose 1716 + 3630 = q*i. Calculate the remainder when i is divided by 52 + 1*-1*1.
48
Let s = 9123 + -9103. Let y be (1 - -1)/(-1) - -10. Let v(g) = 8*g + 5. Calculate the remainder when v(y) is divided by s.
9
Let t = 45 - 47. Let r be t - (6*-1 - -1). Suppose 0*j + 2*j = r*s - 44, -2*s - 5*j = -42. What is the remainder when s is divided by 5?
1
Suppose -5*r = 3*b - 224 + 30, -4*r + 4*b + 168 = 0. Suppose 601 + 19 = 10*d. Let c = d - r. What is the remainder when c is divided by 5?
2
Let k = 161937 - 161802. Suppose -4*q + 0*q = 3*h - 99, -2*q - 23 = -h. Calculate the remainder when k is divided by h.
19
Let p(n) = -24*n**3 - 2*n**2 + 74*n + 157. What is the remainder when p(-2) is divided by 83?
27
Let b be (-24)/(-30) + 12/(-15). Suppose -w - 3*w - 2*q + 34 = b, -4*q - 52 = -4*w. Calculate the remainder when 67 is divided by w.
7
Let d be (2/(-8)*-2)/(11/(-6886)). Suppose l + 436 = -l. Let y = l - d. Calculate the remainder when y is divided by 24.
23
Calculate the remainder when 2924 is divided by ((-26)/4*(-96)/(-80))/(1/(-15)).
116
Let a(o) = -4*o**3 + 5*o - 16. Let x = 586 + -590. What is the remainder when a(x) is divided by 74?
72
Calculate the remainder when 4*(-6 + 4) + 2 + 86 is divided by 47.
33
Let a(m) = -627*m + 4818. Let h(p) = p**3 - 8*p**2 - 8*p + 9. What is the remainder when a(7) is divided by h(9)?
15
Let f = 221 + -217. Suppose -f*a - c = a - 159, -3*a + 94 = 2*c. Calculate the remainder when 62 is divided by a.
30
Let o(q) = 59*q + 4. Let z = -1148 - -656. Let n = 506 + z. Calculate the remainder when o(3) is divided by n.
13
Let k(r) = -r**2 - 6*r + 2. Calculate the remainder when (650/(-2))/(-1)*(-54 - 2710/(-50)) is divided by k(-6).
1
Suppose 2*z - 7*z + 3060 = 0. Let k = -585 + z. What is the remainder when k is divided by 10?
7
Let m(h) be the second derivative of 31*h**3/6 - 33*h**2/2 - 120*h. Calculate the remainder when 38 is divided by m(2).
9
Let z(y) = -y**2 - 6*y - 1. Let a(o) = o**3 - 7*o**2 - 21*o - 7. Let j be a(9). Calculate the remainder when j/(((-2)/4)/((-5)/(-20))) is divided by z(-5).
1
Suppose 5*t = t + 8. Suppose 538*w + 12978 = 601*w. Calculate the remainder when w is divided by t.
0
Let s(l) = 3*l**3 - 2*l**2 - l + 3. Let y(r) = -2*r**3 - 132*r**2 - 124*r + 413. What is the remainder when s(4) is divided by y(-65)?
21
Let x = -2 - 2. Let c be (2/x)/(2/(-8)). Suppose 4*k = 4*t - 88, -92 + 10 = -4*t - c*k. What is the remainder when t is divided by 7?
0
Suppose -19 = -j + 5*t, -3*j + 41 + 72 = -t. Suppose -584 - j = -7*s. Calculate the remainder when s is divided by 45.
44
Suppose 17*j - 36 = 16*j + 2*t, -2*j + t + 72 = 0. Suppose 3*u + j = c, 3*c + 81*u - 80*u = 128. What is the remainder when 671 is divided by c?
41
Let m(h) = h**2 - 3*h + 22. Let f be m(0). Let j = -1 + f. Let d(s) = 2*s**3 - 7*s**2 + 2*s - 3. Calculate the remainder when d(5) is divided by j.
19
Suppose -2*b = -12 + 10. Let l be b + (-9)/(-2) + (-6)/4. Suppose 76 = 3*i - 5*w, -l*w - 9 = -2*i + 